{"id":2061,"date":"2026-04-22T23:41:46","date_gmt":"2026-04-22T21:41:46","guid":{"rendered":"https:\/\/lunedesfleurs.fr\/?post_type=product&#038;p=2061"},"modified":"2026-04-22T23:48:55","modified_gmt":"2026-04-22T21:48:55","slug":"cadre-vegetal-stabilise","status":"publish","type":"product","link":"https:\/\/lunedesfleurs.fr\/index.php\/produit\/cadre-vegetal-stabilise\/","title":{"rendered":"Alta"},"content":{"rendered":"<p>Cadre v\u00e9g\u00e9tal stabilis\u00e9. Enti\u00e8rement fait main.<\/p>\n<p>Joli cadre compos\u00e9 avec de mousse stabilis\u00e9e et lichen, de bois flott\u00e9 et pigne de pin.<\/p>\n<p>Id\u00e9al en d\u00e9coration int\u00e9rieur<\/p>\n<p>SANS ENTRETIEN<\/p>\n<p><a href=\"https:\/\/lunedesfleurs.fr\/index.php\/categorie-produit\/monde-feerique\/cadres-vegetaux\/\">Tous les cadres v\u00e9g\u00e9taux<\/a><\/p>\n","protected":false},"excerpt":{"rendered":"<p>Cadre v\u00e9g\u00e9taux stabilis\u00e9s. Enti\u00e8rement fait main.<\/p>\n<p>Joli cadre compos\u00e9 avec de mousse stabilis\u00e9e et lichen, de bois flott\u00e9 et pigne de pin.<\/p>\n<p>Id\u00e9al en d\u00e9coration int\u00e9rieur<\/p>\n<p>SANS ENTRETIEN<\/p>\n","protected":false},"featured_media":2062,"comment_status":"open","ping_status":"closed","template":"","meta":[],"product_brand":[],"product_cat":[33],"product_tag":[],"class_list":{"0":"post-2061","1":"product","2":"type-product","3":"status-publish","4":"has-post-thumbnail","6":"product_cat-cadres-vegetaux","8":"first","9":"instock","10":"sold-individually","11":"shipping-taxable","12":"purchasable","13":"product-type-simple"},"yoast_head":"<!-- This site is optimized with the Yoast SEO plugin v26.8 - https:\/\/yoast.com\/product\/yoast-seo-wordpress\/ -->\n<title>Cadre v\u00e9g\u00e9tal stabilis\u00e9<\/title>\n<meta name=\"description\" content=\"Cadre en v\u00e9g\u00e9tal stabilis\u00e9 - Fait main - Sans entretien - Sans eau - Lichen stabilis\u00e9 - mousse pr\u00e9serv\u00e9e - \u00e9l\u00e9ments naturels\" \/>\n<meta name=\"robots\" content=\"index, follow, max-snippet:-1, max-image-preview:large, max-video-preview:-1\" \/>\n<link rel=\"canonical\" href=\"https:\/\/lunedesfleurs.fr\/index.php\/produit\/cadre-vegetal-stabilise\/\" \/>\n<meta property=\"og:locale\" content=\"fr_FR\" \/>\n<meta property=\"og:type\" content=\"article\" \/>\n<meta property=\"og:title\" content=\"Cadre v\u00e9g\u00e9tal stabilis\u00e9\" \/>\n<meta property=\"og:description\" content=\"Cadre en v\u00e9g\u00e9tal stabilis\u00e9 - Fait main - Sans entretien - Sans eau - Lichen stabilis\u00e9 - mousse pr\u00e9serv\u00e9e - \u00e9l\u00e9ments naturels\" \/>\n<meta property=\"og:url\" content=\"https:\/\/lunedesfleurs.fr\/index.php\/produit\/cadre-vegetal-stabilise\/\" \/>\n<meta property=\"og:site_name\" content=\"Lune des Fleurs\" \/>\n<meta property=\"article:publisher\" content=\"https:\/\/www.facebook.com\/lunedesfleurs.fr\" \/>\n<meta property=\"article:modified_time\" content=\"2026-04-22T21:48:55+00:00\" \/>\n<meta property=\"og:image\" content=\"https:\/\/lunedesfleurs.fr\/wp-content\/uploads\/2026\/04\/Tableau-vege-Alta-e1776894506890.jpeg\" \/>\n\t<meta property=\"og:image:width\" content=\"853\" \/>\n\t<meta property=\"og:image:height\" content=\"1464\" \/>\n\t<meta property=\"og:image:type\" content=\"image\/jpeg\" \/>\n<meta name=\"twitter:card\" content=\"summary_large_image\" \/>\n<meta name=\"twitter:label1\" content=\"Dur\u00e9e de lecture estim\u00e9e\" \/>\n\t<meta name=\"twitter:data1\" content=\"1 minute\" \/>\n<script type=\"application\/ld+json\" class=\"yoast-schema-graph\">{\"@context\":\"https:\/\/schema.org\",\"@graph\":[{\"@type\":\"WebPage\",\"@id\":\"https:\/\/lunedesfleurs.fr\/index.php\/produit\/cadre-vegetal-stabilise\/\",\"url\":\"https:\/\/lunedesfleurs.fr\/index.php\/produit\/cadre-vegetal-stabilise\/\",\"name\":\"Cadre v\u00e9g\u00e9tal stabilis\u00e9\",\"isPartOf\":{\"@id\":\"https:\/\/lunedesfleurs.fr\/#website\"},\"primaryImageOfPage\":{\"@id\":\"https:\/\/lunedesfleurs.fr\/index.php\/produit\/cadre-vegetal-stabilise\/#primaryimage\"},\"image\":{\"@id\":\"https:\/\/lunedesfleurs.fr\/index.php\/produit\/cadre-vegetal-stabilise\/#primaryimage\"},\"thumbnailUrl\":\"https:\/\/lunedesfleurs.fr\/wp-content\/uploads\/2026\/04\/Tableau-vege-Alta-e1776894506890.jpeg\",\"datePublished\":\"2026-04-22T21:41:46+00:00\",\"dateModified\":\"2026-04-22T21:48:55+00:00\",\"description\":\"Cadre en v\u00e9g\u00e9tal stabilis\u00e9 - Fait main - Sans entretien - Sans eau - Lichen stabilis\u00e9 - mousse pr\u00e9serv\u00e9e - \u00e9l\u00e9ments naturels\",\"breadcrumb\":{\"@id\":\"https:\/\/lunedesfleurs.fr\/index.php\/produit\/cadre-vegetal-stabilise\/#breadcrumb\"},\"inLanguage\":\"fr-FR\",\"potentialAction\":[{\"@type\":\"ReadAction\",\"target\":[\"https:\/\/lunedesfleurs.fr\/index.php\/produit\/cadre-vegetal-stabilise\/\"]}]},{\"@type\":\"ImageObject\",\"inLanguage\":\"fr-FR\",\"@id\":\"https:\/\/lunedesfleurs.fr\/index.php\/produit\/cadre-vegetal-stabilise\/#primaryimage\",\"url\":\"https:\/\/lunedesfleurs.fr\/wp-content\/uploads\/2026\/04\/Tableau-vege-Alta-e1776894506890.jpeg\",\"contentUrl\":\"https:\/\/lunedesfleurs.fr\/wp-content\/uploads\/2026\/04\/Tableau-vege-Alta-e1776894506890.jpeg\",\"width\":853,\"height\":1464,\"caption\":\"cadre v\u00e9g\u00e9tal stabilis\u00e9\"},{\"@type\":\"BreadcrumbList\",\"@id\":\"https:\/\/lunedesfleurs.fr\/index.php\/produit\/cadre-vegetal-stabilise\/#breadcrumb\",\"itemListElement\":[{\"@type\":\"ListItem\",\"position\":1,\"name\":\"Accueil\",\"item\":\"https:\/\/lunedesfleurs.fr\/\"},{\"@type\":\"ListItem\",\"position\":2,\"name\":\"Boutique\",\"item\":\"https:\/\/lunedesfleurs.fr\/index.php\/boutique\/\"},{\"@type\":\"ListItem\",\"position\":3,\"name\":\"Alta\"}]},{\"@type\":\"WebSite\",\"@id\":\"https:\/\/lunedesfleurs.fr\/#website\",\"url\":\"https:\/\/lunedesfleurs.fr\/\",\"name\":\"Lune des Fleurs\",\"description\":\"Cr\u00e9ations fran\u00e7aises - Fait main avec C\u0153ur, Intention et un soup\u00e7on de Magie\",\"publisher\":{\"@id\":\"https:\/\/lunedesfleurs.fr\/#organization\"},\"potentialAction\":[{\"@type\":\"SearchAction\",\"target\":{\"@type\":\"EntryPoint\",\"urlTemplate\":\"https:\/\/lunedesfleurs.fr\/?s={search_term_string}\"},\"query-input\":{\"@type\":\"PropertyValueSpecification\",\"valueRequired\":true,\"valueName\":\"search_term_string\"}}],\"inLanguage\":\"fr-FR\"},{\"@type\":\"Organization\",\"@id\":\"https:\/\/lunedesfleurs.fr\/#organization\",\"name\":\"Lune des Fleurs\",\"url\":\"https:\/\/lunedesfleurs.fr\/\",\"logo\":{\"@type\":\"ImageObject\",\"inLanguage\":\"fr-FR\",\"@id\":\"https:\/\/lunedesfleurs.fr\/#\/schema\/logo\/image\/\",\"url\":\"https:\/\/lunedesfleurs.fr\/wp-content\/uploads\/2025\/11\/LDF_LOGO_HORIZ_RVB_BN_F_TRANS-scaled.png\",\"contentUrl\":\"https:\/\/lunedesfleurs.fr\/wp-content\/uploads\/2025\/11\/LDF_LOGO_HORIZ_RVB_BN_F_TRANS-scaled.png\",\"width\":2560,\"height\":1281,\"caption\":\"Lune des Fleurs\"},\"image\":{\"@id\":\"https:\/\/lunedesfleurs.fr\/#\/schema\/logo\/image\/\"},\"sameAs\":[\"https:\/\/www.facebook.com\/lunedesfleurs.fr\",\"https:\/\/www.instagram.com\/lunedesfleurs.fr\/\"]}]}<\/script>\n<!-- \/ Yoast SEO plugin. -->","yoast_head_json":{"title":"Cadre v\u00e9g\u00e9tal stabilis\u00e9","description":"Cadre en v\u00e9g\u00e9tal stabilis\u00e9 - Fait main - Sans entretien - Sans eau - Lichen stabilis\u00e9 - mousse pr\u00e9serv\u00e9e - \u00e9l\u00e9ments naturels","robots":{"index":"index","follow":"follow","max-snippet":"max-snippet:-1","max-image-preview":"max-image-preview:large","max-video-preview":"max-video-preview:-1"},"canonical":"https:\/\/lunedesfleurs.fr\/index.php\/produit\/cadre-vegetal-stabilise\/","og_locale":"fr_FR","og_type":"article","og_title":"Cadre v\u00e9g\u00e9tal stabilis\u00e9","og_description":"Cadre en v\u00e9g\u00e9tal stabilis\u00e9 - Fait main - Sans entretien - Sans eau - Lichen stabilis\u00e9 - mousse pr\u00e9serv\u00e9e - \u00e9l\u00e9ments naturels","og_url":"https:\/\/lunedesfleurs.fr\/index.php\/produit\/cadre-vegetal-stabilise\/","og_site_name":"Lune des Fleurs","article_publisher":"https:\/\/www.facebook.com\/lunedesfleurs.fr","article_modified_time":"2026-04-22T21:48:55+00:00","og_image":[{"width":853,"height":1464,"url":"https:\/\/lunedesfleurs.fr\/wp-content\/uploads\/2026\/04\/Tableau-vege-Alta-e1776894506890.jpeg","type":"image\/jpeg"}],"twitter_card":"summary_large_image","twitter_misc":{"Dur\u00e9e de lecture estim\u00e9e":"1 minute"},"schema":{"@context":"https:\/\/schema.org","@graph":[{"@type":"WebPage","@id":"https:\/\/lunedesfleurs.fr\/index.php\/produit\/cadre-vegetal-stabilise\/","url":"https:\/\/lunedesfleurs.fr\/index.php\/produit\/cadre-vegetal-stabilise\/","name":"Cadre v\u00e9g\u00e9tal stabilis\u00e9","isPartOf":{"@id":"https:\/\/lunedesfleurs.fr\/#website"},"primaryImageOfPage":{"@id":"https:\/\/lunedesfleurs.fr\/index.php\/produit\/cadre-vegetal-stabilise\/#primaryimage"},"image":{"@id":"https:\/\/lunedesfleurs.fr\/index.php\/produit\/cadre-vegetal-stabilise\/#primaryimage"},"thumbnailUrl":"https:\/\/lunedesfleurs.fr\/wp-content\/uploads\/2026\/04\/Tableau-vege-Alta-e1776894506890.jpeg","datePublished":"2026-04-22T21:41:46+00:00","dateModified":"2026-04-22T21:48:55+00:00","description":"Cadre en v\u00e9g\u00e9tal stabilis\u00e9 - Fait main - Sans entretien - Sans eau - Lichen stabilis\u00e9 - mousse pr\u00e9serv\u00e9e - \u00e9l\u00e9ments naturels","breadcrumb":{"@id":"https:\/\/lunedesfleurs.fr\/index.php\/produit\/cadre-vegetal-stabilise\/#breadcrumb"},"inLanguage":"fr-FR","potentialAction":[{"@type":"ReadAction","target":["https:\/\/lunedesfleurs.fr\/index.php\/produit\/cadre-vegetal-stabilise\/"]}]},{"@type":"ImageObject","inLanguage":"fr-FR","@id":"https:\/\/lunedesfleurs.fr\/index.php\/produit\/cadre-vegetal-stabilise\/#primaryimage","url":"https:\/\/lunedesfleurs.fr\/wp-content\/uploads\/2026\/04\/Tableau-vege-Alta-e1776894506890.jpeg","contentUrl":"https:\/\/lunedesfleurs.fr\/wp-content\/uploads\/2026\/04\/Tableau-vege-Alta-e1776894506890.jpeg","width":853,"height":1464,"caption":"cadre v\u00e9g\u00e9tal stabilis\u00e9"},{"@type":"BreadcrumbList","@id":"https:\/\/lunedesfleurs.fr\/index.php\/produit\/cadre-vegetal-stabilise\/#breadcrumb","itemListElement":[{"@type":"ListItem","position":1,"name":"Accueil","item":"https:\/\/lunedesfleurs.fr\/"},{"@type":"ListItem","position":2,"name":"Boutique","item":"https:\/\/lunedesfleurs.fr\/index.php\/boutique\/"},{"@type":"ListItem","position":3,"name":"Alta"}]},{"@type":"WebSite","@id":"https:\/\/lunedesfleurs.fr\/#website","url":"https:\/\/lunedesfleurs.fr\/","name":"Lune des Fleurs","description":"Cr\u00e9ations fran\u00e7aises - Fait main avec C\u0153ur, Intention et un soup\u00e7on de Magie","publisher":{"@id":"https:\/\/lunedesfleurs.fr\/#organization"},"potentialAction":[{"@type":"SearchAction","target":{"@type":"EntryPoint","urlTemplate":"https:\/\/lunedesfleurs.fr\/?s={search_term_string}"},"query-input":{"@type":"PropertyValueSpecification","valueRequired":true,"valueName":"search_term_string"}}],"inLanguage":"fr-FR"},{"@type":"Organization","@id":"https:\/\/lunedesfleurs.fr\/#organization","name":"Lune des Fleurs","url":"https:\/\/lunedesfleurs.fr\/","logo":{"@type":"ImageObject","inLanguage":"fr-FR","@id":"https:\/\/lunedesfleurs.fr\/#\/schema\/logo\/image\/","url":"https:\/\/lunedesfleurs.fr\/wp-content\/uploads\/2025\/11\/LDF_LOGO_HORIZ_RVB_BN_F_TRANS-scaled.png","contentUrl":"https:\/\/lunedesfleurs.fr\/wp-content\/uploads\/2025\/11\/LDF_LOGO_HORIZ_RVB_BN_F_TRANS-scaled.png","width":2560,"height":1281,"caption":"Lune des Fleurs"},"image":{"@id":"https:\/\/lunedesfleurs.fr\/#\/schema\/logo\/image\/"},"sameAs":["https:\/\/www.facebook.com\/lunedesfleurs.fr","https:\/\/www.instagram.com\/lunedesfleurs.fr\/"]}]}},"jetpack_sharing_enabled":true,"_links":{"self":[{"href":"https:\/\/lunedesfleurs.fr\/index.php\/wp-json\/wp\/v2\/product\/2061","targetHints":{"allow":["GET"]}}],"collection":[{"href":"https:\/\/lunedesfleurs.fr\/index.php\/wp-json\/wp\/v2\/product"}],"about":[{"href":"https:\/\/lunedesfleurs.fr\/index.php\/wp-json\/wp\/v2\/types\/product"}],"replies":[{"embeddable":true,"href":"https:\/\/lunedesfleurs.fr\/index.php\/wp-json\/wp\/v2\/comments?post=2061"}],"wp:featuredmedia":[{"embeddable":true,"href":"https:\/\/lunedesfleurs.fr\/index.php\/wp-json\/wp\/v2\/media\/2062"}],"wp:attachment":[{"href":"https:\/\/lunedesfleurs.fr\/index.php\/wp-json\/wp\/v2\/media?parent=2061"}],"wp:term":[{"taxonomy":"product_brand","embeddable":true,"href":"https:\/\/lunedesfleurs.fr\/index.php\/wp-json\/wp\/v2\/product_brand?post=2061"},{"taxonomy":"product_cat","embeddable":true,"href":"https:\/\/lunedesfleurs.fr\/index.php\/wp-json\/wp\/v2\/product_cat?post=2061"},{"taxonomy":"product_tag","embeddable":true,"href":"https:\/\/lunedesfleurs.fr\/index.php\/wp-json\/wp\/v2\/product_tag?post=2061"}],"curies":[{"name":"wp","href":"https:\/\/api.w.org\/{rel}","templated":true}]}}

<p>Cadre végétal stabilisé. Entièrement fait main.</p>
<p>Joli cadre composé avec de mousse stabilisée et lichen, de bois flotté et pigne de pin.</p>
<p>Idéal en décoration intérieur</p>
<p>SANS ENTRETIEN</p>
<p><a href="https://lunedesfleurs.fr/index.php/categorie-produit/monde-feerique/cadres-vegetaux/">Tous les cadres végétaux</a></p>

<p>Cadre végétaux stabilisés. Entièrement fait main.</p>
<p>Joli cadre composé avec de mousse stabilisée et lichen, de bois flotté et pigne de pin.</p>
<p>Idéal en décoration intérieur</p>
<p>SANS ENTRETIEN</p>

<!-- This site is optimized with the Yoast SEO plugin v26.8 - https://yoast.com/product/yoast-seo-wordpress/ -->
<title>Cadre végétal stabilisé</title>
<meta name="description" content="Cadre en végétal stabilisé - Fait main - Sans entretien - Sans eau - Lichen stabilisé - mousse préservée - éléments naturels" />
<meta name="robots" content="index, follow, max-snippet:-1, max-image-preview:large, max-video-preview:-1" />
<link rel="canonical" href="https://lunedesfleurs.fr/index.php/produit/cadre-vegetal-stabilise/" />
<meta property="og:locale" content="fr_FR" />
<meta property="og:type" content="article" />
<meta property="og:title" content="Cadre végétal stabilisé" />
<meta property="og:description" content="Cadre en végétal stabilisé - Fait main - Sans entretien - Sans eau - Lichen stabilisé - mousse préservée - éléments naturels" />
<meta property="og:url" content="https://lunedesfleurs.fr/index.php/produit/cadre-vegetal-stabilise/" />
<meta property="og:site_name" content="Lune des Fleurs" />
<meta property="article:publisher" content="https://www.facebook.com/lunedesfleurs.fr" />
<meta property="article:modified_time" content="2026-04-22T21:48:55+00:00" />
<meta property="og:image" content="https://lunedesfleurs.fr/wp-content/uploads/2026/04/Tableau-vege-Alta-e1776894506890.jpeg" />
	<meta property="og:image:width" content="853" />
	<meta property="og:image:height" content="1464" />
	<meta property="og:image:type" content="image/jpeg" />
<meta name="twitter:card" content="summary_large_image" />
<meta name="twitter:label1" content="Durée de lecture estimée" />
	<meta name="twitter:data1" content="1 minute" />
<script type="application/ld+json" class="yoast-schema-graph">{"@context":"https://schema.org","@graph":[{"@type":"WebPage","@id":"https://lunedesfleurs.fr/index.php/produit/cadre-vegetal-stabilise/","url":"https://lunedesfleurs.fr/index.php/produit/cadre-vegetal-stabilise/","name":"Cadre végétal stabilisé","isPartOf":{"@id":"https://lunedesfleurs.fr/#website"},"primaryImageOfPage":{"@id":"https://lunedesfleurs.fr/index.php/produit/cadre-vegetal-stabilise/#primaryimage"},"image":{"@id":"https://lunedesfleurs.fr/index.php/produit/cadre-vegetal-stabilise/#primaryimage"},"thumbnailUrl":"https://lunedesfleurs.fr/wp-content/uploads/2026/04/Tableau-vege-Alta-e1776894506890.jpeg","datePublished":"2026-04-22T21:41:46+00:00","dateModified":"2026-04-22T21:48:55+00:00","description":"Cadre en végétal stabilisé - Fait main - Sans entretien - Sans eau - Lichen stabilisé - mousse préservée - éléments naturels","breadcrumb":{"@id":"https://lunedesfleurs.fr/index.php/produit/cadre-vegetal-stabilise/#breadcrumb"},"inLanguage":"fr-FR","potentialAction":[{"@type":"ReadAction","target":["https://lunedesfleurs.fr/index.php/produit/cadre-vegetal-stabilise/"]}]},{"@type":"ImageObject","inLanguage":"fr-FR","@id":"https://lunedesfleurs.fr/index.php/produit/cadre-vegetal-stabilise/#primaryimage","url":"https://lunedesfleurs.fr/wp-content/uploads/2026/04/Tableau-vege-Alta-e1776894506890.jpeg","contentUrl":"https://lunedesfleurs.fr/wp-content/uploads/2026/04/Tableau-vege-Alta-e1776894506890.jpeg","width":853,"height":1464,"caption":"cadre végétal stabilisé"},{"@type":"BreadcrumbList","@id":"https://lunedesfleurs.fr/index.php/produit/cadre-vegetal-stabilise/#breadcrumb","itemListElement":[{"@type":"ListItem","position":1,"name":"Accueil","item":"https://lunedesfleurs.fr/"},{"@type":"ListItem","position":2,"name":"Boutique","item":"https://lunedesfleurs.fr/index.php/boutique/"},{"@type":"ListItem","position":3,"name":"Alta"}]},{"@type":"WebSite","@id":"https://lunedesfleurs.fr/#website","url":"https://lunedesfleurs.fr/","name":"Lune des Fleurs","description":"Créations françaises - Fait main avec Cœur, Intention et un soupçon de Magie","publisher":{"@id":"https://lunedesfleurs.fr/#organization"},"potentialAction":[{"@type":"SearchAction","target":{"@type":"EntryPoint","urlTemplate":"https://lunedesfleurs.fr/?s={search_term_string}"},"query-input":{"@type":"PropertyValueSpecification","valueRequired":true,"valueName":"search_term_string"}}],"inLanguage":"fr-FR"},{"@type":"Organization","@id":"https://lunedesfleurs.fr/#organization","name":"Lune des Fleurs","url":"https://lunedesfleurs.fr/","logo":{"@type":"ImageObject","inLanguage":"fr-FR","@id":"https://lunedesfleurs.fr/#/schema/logo/image/","url":"https://lunedesfleurs.fr/wp-content/uploads/2025/11/LDF_LOGO_HORIZ_RVB_BN_F_TRANS-scaled.png","contentUrl":"https://lunedesfleurs.fr/wp-content/uploads/2025/11/LDF_LOGO_HORIZ_RVB_BN_F_TRANS-scaled.png","width":2560,"height":1281,"caption":"Lune des Fleurs"},"image":{"@id":"https://lunedesfleurs.fr/#/schema/logo/image/"},"sameAs":["https://www.facebook.com/lunedesfleurs.fr","https://www.instagram.com/lunedesfleurs.fr/"]}]}</script>
<!-- / Yoast SEO plugin. -->

Cadre végétal stabilisé

Cadre en végétal stabilisé - Fait main - Sans entretien - Sans eau - Lichen stabilisé - mousse préservée - éléments naturels

cadre végétal stabilisé

Créations françaises - Fait main avec Cœur, Intention et un soupçon de Magie
